 - -9. Suppose 0 = -3*y + 5*a - 56, 65*y = 61*y - 3*a - 36. Let q = v - y. What is the tens digit of q?
1
Suppose -3*p + 11*q + 1026 = 8*q, 2*p + 4*q = 678. What is the tens digit of p?
4
Let g = -13 + 9. Let o = 11 + g. Suppose 0*f - o = -f. What is the units digit of f?
7
Suppose 13*w - 16*w = -6003. What is the hundreds digit of w?
0
Let r be (-925)/(-20) + 1/(-4). Suppose h = 5*f + r, 8*f - 3*f + 244 = 4*h. What is the tens digit of h?
6
Let q = 388 + 832. What is the tens digit of q?
2
Let b = 30 + -11. Let f = 30 - b. What is the units digit of 9 - f - (-21 - 1)?
0
Let d(m) = 17*m**2 - 1. Let c = 7 + -9. Let l be (-4)/(2 + 6)*c. What is the tens digit of d(l)?
1
Let x = 42 + -64. Let w = 24 + x. Suppose 5*d - 215 = -3*h - w*h, d = 3*h - 117. What is the units digit of h?
0
Let t = 48 - 43. Suppose -3*z + 223 = -2*w, 7*z - 2*z + t*w - 380 = 0. What is the units digit of z?
5
What is the tens digit of 1151/5 + 7/35*-1?
3
Suppose 180824 = 33*u + 52025. What is the tens digit of u?
0
Let x(c) be the third derivative of 0 - 1/60*c**5 - 2*c**2 + 0*c - 1/6*c**3 + 1/8*c**4. What is the units digit of x(2)?
1
What is the tens digit of 0 + 22 - 78/(-13)?
2
What is the tens digit of (812 - (-3 - 3)) + -5?
1
Let v(n) = 4*n - 11. Let d be v(4). Suppose -d*j - u + 171 = -j, 0 = u + 5. What is the tens digit of j?
4
Let r = 246 + -123. Suppose -l - 2*s + 111 = 0, 4*s = -3*l + 4*l - r. Let b = l + -82. What is the tens digit of b?
3
Let u = -121 + 285. What is the units digit of u?
4
Let i(j) = j**2 - j. Let p be i(1). Let x be p - (3/1 - 3). Suppose 5*o + 2*m - 54 = -x*m, 3*m - 46 = -4*o. What is the tens digit of o?
1
Suppose 0 = -2*t + 57 + 75. Suppose 2*r = t - 8. Let n = -12 + r. What is the units digit of n?
7
Let z = -47 + 103. Suppose 2*h - z = 2*c, -3*h + 94 = -0*h - 5*c. What is the tens digit of h?
2
Let s = 68 - 25. Suppose s - 247 = -3*x. Let o = x + -43. What is the tens digit of o?
2
Let c = -2918 - -4087. What is the hundreds digit of c?
1
Suppose -o - 4*x = x - 40, 80 = 5*o + x. Suppose 3*c + 2*c - o = 0. Suppose w + c = 0, l - 2*w = -5*w + 8. What is the units digit of l?
7
Suppose 6*k - k - 15 = 0. Let q(a) = 48*a - 4. Let p be q(k). Suppose 88 = 3*v - p. What is the tens digit of v?
7
Let d be 394/6 - (-10)/(-15). Suppose 88 = 3*h - d. Suppose h = 11*m - 8*m. What is the units digit of m?
7
Let w(l) = l**2 - l + 2. Let x(g) = -9*g**2 + 4*g**2 + 13 + 6*g**2 + 10*g. Let b be x(-9). What is the tens digit of w(b)?
1
Suppose 0 = -63*w - 11452 + 78295. What is the units digit of w?
1
Suppose 0 = 5*a + 3 + 7, a = -5*u + 998. Suppose 0*g + u = 2*g. What is the units digit of g?
0
Suppose 8*x + 8700 = 12*x. What is the hundreds digit of x?
1
Suppose -13 = -3*j + i + i, -10 = -3*j + 5*i. Suppose 2*g = 39 + j. Suppose -2*b + 4*p + 36 = -g, -4*p = 20. What is the units digit of b?
9
Suppose -72 = -32*a + 28*a. Suppose -5*t = -68 + a. What is the tens digit of t?
1
Let u be (4 - 5)/(1/(-53)). Let c = -35 + u. What is the tens digit of c?
1
Let g(i) = -13*i + 4*i - 13 + 7. What is the units digit of g(-6)?
8
Suppose -2 = -0*t - 2*t. Let d = t - -3. Suppose 5*h = 5, -7*h - 31 = -d*w - 2*h. What is the units digit of w?
9
Let r(c) = 3 + 40*c + 1 - 14*c - 2. Let p be r(3). Suppose -6*y = -y - p. What is the tens digit of y?
1
Let t be 2384/(-10)*(12/(-1) - -7). What is the tens digit of t/18 - 6/27?
6
Suppose 0 = -3*y + 2*y + 4*t + 8, -5*y - t = 44. Suppose -4*w = 2*v - 32, 0 = -w - 4*w - 15. Let a = v + y. What is the units digit of a?
4
Let c(z) = -7*z**3 + 2*z**2 - z. Let l be c(1). What is the tens digit of (-3)/(l/98) + -4?
4
What is the units digit of (60 - 55)/(2/358)?
5
Suppose -10*p + 5*p + 20 = 0. Let c be -1 - (-2 + p + -1). What is the units digit of ((-80)/(-50))/(c/(-60))?
8
Suppose 3*k - 1831 = -172. What is the hundreds digit of k?
5
Let z(b) = 282*b**2 + b + 6. What is the units digit of z(-2)?
2
Suppose 8*v - 4*v = 0. Let u be -3 + v + 3 + 3. Suppose -l = -14 + u. What is the units digit of l?
1
Suppose 0 = 3*r + 3*n + 2*n + 374, -3*r + 2*n = 388. Let b = -4 - r. What is the units digit of b?
4
Let u(h) = 2*h - 3 + 9 + h**2 - 5 + 1. Let z be u(-2). Suppose 0*w + 43 = 5*w + 2*m, 2*w - z = 3*m. What is the units digit of w?
7
Let y be (-10 - 5)*6/15. What is the tens digit of 8/y*4*-9?
4
Let s(i) = i + 1. Let l(v) = -6*v + 4. Let x(h) = -1. Let g(t) = l(t) + 5*x(t). Let a(j) = -2*g(j) - 10*s(j). What is the units digit of a(5)?
2
Let j = 33 + 23. Suppose -3 = x - j. What is the tens digit of x?
5
Suppose 22 = 4*p + j + j, 4*j = -4*p + 24. Suppose -2*t + 191 = p*a, 0*t + 298 = 3*t - 4*a. What is the tens digit of t?
9
Let q be (7 - 6)/(2/6). Suppose 3*g = r + 33, q*g + 3*r + 24 = 69. What is the units digit of (-28)/6*(-18)/g?
7
Let b(y) = y**2 - y + 11. Let f be b(0). Let t(u) = 6*u + 5. Let s be t(-2). Let r = f + s. What is the units digit of r?
4
Let y(j) = j**2 + 33. Let c be 0*4/(1 + -5). What is the units digit of y(c)?
3
What is the tens digit of (2 - 44)/((-6)/72)?
0
Suppose -6*v = -7*v - 24. What is the hundreds digit of ((-756)/v)/(1/4)?
1
Suppose -2551 = -l - 2*k, -l + 4*l - 7663 = 4*k. What is the tens digit of l?
5
Let y be (-8)/18 - (-6298)/603. Suppose 3*i + 50 = -10. Let d = y - i. What is the units digit of d?
0
Let h = -902 + 1346. Suppose 4*s - h = 2*s. What is the units digit of s?
2
Suppose -5*i - 2*o + 5044 = 0, -5*o - 5065 = -31*i + 26*i. What is the tens digit of i?
1
Suppose 0 = -6*w + 4*w + 16. Let c = 21 - w. What is the tens digit of c?
1
Suppose -2*y - 12 = y - 5*b, -11 = -2*y - 3*b. Let r be y*(0 - (2 + -6)). What is the tens digit of 20/50*15*r?
2
Let m(f) = 3*f**2 + 13*f. Let w be m(-12). Suppose 0 = i - 5*i + w. What is the units digit of i?
9
Let m(b) = 2*b**3 - 8*b**2 + 4*b - 6. Let l be m(5). Let i = 110 - l. What is the units digit of i?
6
What is the units digit of 4/26 - 5/((-780)/374064)?
8
Let r = -38 + 42. Suppose -c - 4 + 15 = i, r*i - 8 = 0. What is the units digit of c?
9
Let h be 2/(4/(-12) - -1). Suppose -5*l + 556 = 4*w - 427, h*w = 3*l + 744. What is the tens digit of w?
4
Suppose 10 = 272*h - 274*h, 0 = 5*g - h - 17590. What is the units digit of g?
7
Suppose -6*p + 4*p = -86. What is the tens digit of p?
4
Suppose k = -4, -n - 5*k = -k + 2. Suppose 4*g - n = -6. What is the units digit of g + 5*-2*-1?
2
Let j = -206 - -306. Suppose 4*n + 212 = 5*g, -j - 165 = 5*n - 3*g. Let h = 102 + n. What is the units digit of h?
9
Suppose -5*f + 3010 = 2*f. Suppose 5*d - 2*h - 1081 = 0, -2*d - f = -4*d + 2*h. What is the tens digit of d?
1
Suppose 6*q - 7*q = -20. Let v be 566/10 - q/(-50). What is the units digit of 0 - 4/((-12)/v)?
9
Let t be (10/(-4))/((-6)/12). Suppose t*r + r - 558 = 0. What is the units digit of r?
3
Suppose -2*f + 69 = f + t, -f = -5*t - 7. Suppose -g + 108 = 2*d, -2*d + f + 190 = 2*g. What is the tens digit of g?
0
Suppose -k + 7*j - 2*j - 5 = 0, 28 = 4*k - 4*j. Suppose 2 - k = -4*z. Suppose f - z*f = -17. What is the units digit of f?
7
Suppose -137*b - m + 5456 = -132*b, -1092 = -b - m. What is the hundreds digit of b?
0
What is the units digit of (-719)/(-7) + (-28)/(-98)?
3
Let y be (-2)/9 + (-5688)/(-81). Let p = y - 50. What is the tens digit of p?
2
Suppose 0 = d + 4*d - 10. Suppose -5*s - 64 = -d*i, 5*s + 64 = 2*i + 2*s. Let r = -19 + i. What is the tens digit of r?
1
Let f(j) = -j**3 + 8*j**2 + 4*j - 11. Suppose 0*m = m - 4. What is the tens digit of f(m)?
6
Suppose 0 = 4*f - 105 + 9. Suppose n = f + 13. What is the tens digit of n?
3
Let s be (1*6/4)/(1/2). Suppose 8*q = s*q - 4*m + 9, 0 = -m - 4. What is the units digit of q?
5
Suppose 0 = w - 4*b + 1 - 8, 5*w + 5*b = 10. Suppose -2*x - 54 = w*v, 5*v + 55 = 3*x - 35. What is the tens digit of (-14)/(-1)*v/(-4)?
6
Let j(w) = -11*w + 28. Let u be j(8). Let n = 14 - u. What is the units digit of n?
4
Suppose 0 = 9*k - 3643 - 659. What is the units digit of k?
8
What is the units digit of 66/((-24)/4 + 8)?
3
Suppose -2*u = -5*g - 12, 20 = -4*g - 0*u - u. What is the tens digit of g - (30*-3 - -3)?
8
What is the hundreds digit of (8/3)/((-91)/(-10920))?
3
Let v = 1490 - -335. What is the tens digit of v?
2
Let y = -1088 + 2413. What is the hundreds digit of y?
3
What is the hundreds digit of (-7)/(-21) - 4802/(